{"id":514,"date":"2019-10-21T18:04:28","date_gmt":"2019-10-21T18:04:28","guid":{"rendered":"http:\/\/www.plin-konjscina.hr\/?page_id=514"},"modified":"2026-04-24T05:04:38","modified_gmt":"2026-04-24T05:04:38","slug":"podaci-o-kolicinski-ponderiranoj-srednjoj-donjoj-ogrjevnoj-vrijednosti","status":"publish","type":"page","link":"https:\/\/www.plin-konjscina.hr\/?page_id=514","title":{"rendered":"Podaci o koli\u010dinski ponderiranoj srednjoj gornjoj ogrjevnoj vrijednosti"},"content":{"rendered":"<p><a href=\"https:\/\/www.plin-konjscina.hr\/wp-content\/uploads\/Podaci-o-kolicinski-ponderiranoj-srednjoj-gornjoj-ogrjevnoj-vrijednosti-Plin-Konjscina.pdf\">Podaci o koli\u010dinski ponderiranoj srednjoj gornjoj ogrjevnoj vrijednosti Plin Konj\u0161\u010dina<\/a><\/p>\n","protected":false},"excerpt":{"rendered":"<p>Podaci o koli\u010dinski ponderiranoj srednjoj gornjoj ogrjevnoj vrijednosti Plin Konj\u0161\u010dina<\/p>\n","protected":false},"author":1,"featured_media":0,"parent":124,"menu_order":0,"comment_status":"closed","ping_status":"closed","template":"","meta":{"footnotes":""},"class_list":["post-514","page","type-page","status-publish","hentry"],"_links":{"self":[{"href":"https:\/\/www.plin-konjscina.hr\/index.php?rest_route=\/wp\/v2\/pages\/514","targetHints":{"allow":["GET"]}}],"collection":[{"href":"https:\/\/www.plin-konjscina.hr\/index.php?rest_route=\/wp\/v2\/pages"}],"about":[{"href":"https:\/\/www.plin-konjscina.hr\/index.php?rest_route=\/wp\/v2\/types\/page"}],"author":[{"embeddable":true,"href":"https:\/\/www.plin-konjscina.hr\/index.php?rest_route=\/wp\/v2\/users\/1"}],"replies":[{"embeddable":true,"href":"https:\/\/www.plin-konjscina.hr\/index.php?rest_route=%2Fwp%2Fv2%2Fcomments&post=514"}],"version-history":[{"count":130,"href":"https:\/\/www.plin-konjscina.hr\/index.php?rest_route=\/wp\/v2\/pages\/514\/revisions"}],"predecessor-version":[{"id":1446,"href":"https:\/\/www.plin-konjscina.hr\/index.php?rest_route=\/wp\/v2\/pages\/514\/revisions\/1446"}],"up":[{"embeddable":true,"href":"https:\/\/www.plin-konjscina.hr\/index.php?rest_route=\/wp\/v2\/pages\/124"}],"wp:attachment":[{"href":"https:\/\/www.plin-konjscina.hr\/index.php?rest_route=%2Fwp%2Fv2%2Fmedia&parent=514"}],"curies":[{"name":"wp","href":"https:\/\/api.w.org\/{rel}","templated":true}]}}