{"id":302,"date":"2018-09-03T17:57:01","date_gmt":"2018-09-03T17:57:01","guid":{"rendered":"http:\/\/www.klijent.mart.hr\/plinnew\/?page_id=302"},"modified":"2018-09-04T17:48:49","modified_gmt":"2018-09-04T17:48:49","slug":"trosarine","status":"publish","type":"page","link":"https:\/\/www.plin-konjscina.hr\/?page_id=302","title":{"rendered":"Tro\u0161arine"},"content":{"rendered":"<p style=\"text-align: left;\">Temeljem Zakona o tro\u0161arinama (NN 22\/13 i 32\/13) kao i Pravilnika o tro\u0161arinama (NN 64\/13) energent prirodni plin je uvr\u0161ten u proizvode na koje se od 01.07.2013. godine obra\u010dunava i napla\u0107uje tro\u0161arina. Prirodni plin prema \u010dlanak 83. stavak 2. to\u010dka 1. Zakona o tro\u0161arinama, razvrstan je u proizvode obuhva\u0107ene tarifnim oznakama KN 2710,2702 i 2704 do 2715. Sukladno \u010dlanku 84. stavak 2. Zakona o tro\u0161arinama tro\u0161arinsku osnovicu \u010dini koli\u010dina prirodnog plina mjerena u megavatsatima.<\/p>\n<p style=\"text-align: left;\">Visina tro\u0161arine za prirodni plin tarifnih oznaka KN 2711 11 00, 2711 21 00 i 2711 29 00, propisna \u010dlankom 84. stavak 3. to\u010dka 6. Zakona o tro\u0161arinama i ona iznosi:<br \/>\n1. za pogon: 0,00 kn\/MWh<br \/>\n2. za grijanje za poslovnu uporabu: 4,05 kn\/MWh<br \/>\n3. za grijanje za neposlovnu uporabu: 8,10 kn\/MWh<\/p>\n<blockquote>\n<p style=\"text-align: left;\">Poslovna uporaba prirodnog plina prema \u010dlanku 92. stavak 1. Pravilnika o tro\u0161arinama definirana je kao uporaba od strane svake osobe koja samostalno obavlja bilo koju gospodarsku djelatnost, bez obzira na svrhu i rezultat obavljanja djelatnosti. Neposlovna uporaba prirodnog plina prema \u010dlanku 92. stavak 4. Pravilnika o tro\u0161arinama definirana je kao uporaba od osoba koje se sukladno propisima o porezu na dodanu vrijednost ne smatraju porezni obveznici, kao \u0161to su primjerice tijela dr\u017eavne vlasti i tijela dr\u017eavne uprave, tijela lokalne i podru\u010dne (regionalne) samouprave, komore te druga tijela sa javnim ovlastima ako obavljaju poslove u okviru svog djelokruga ili ovlasti. Uporaba energenta za grijanje sukladno \u010dlanku 93.Pravinika o tro\u0161arinama odnosi se na sve primjere kada energenti izgaraju i osloba\u0111aju toplinsku energiju bez obzira na namjenu kori\u0161tenja oslobo\u0111ene toplinske energije.<\/p>\n<\/blockquote>\n<p style=\"text-align: left;\">Sukladno odredbama spomenutog Zakona o tro\u0161arinama i Pravilnika o tro\u0161arinama, Plin Konj\u0161\u010dina d.o.o. kao opskrbljiva\u010d prirodnim plinom krajnjih kupca, postaje obvezan obra\u010dunavati tro\u0161arinu na isporu\u010deni prirodni plin, prema izdanim ra\u010dunima za obra\u010dunsko razdoblje. Posebno ukazujemo na odredbe \u010dlanka 101. Zakona o tro\u0161arinama u kojima su propisane odre\u0111ene namjena prirodnog plina na koje se ne pla\u0107a tro\u0161arina. S tim u vezi \u010dlankom 101. Pravilnika o tro\u0161arinama propisano je da pravna ili fizi\u010dka osoba koja \u017eeli nabavljati prirodni plin naprijed spomenutih tarifnih oznaka uz oslobo\u0111enje od pla\u0107anja tro\u0161arine kao oslobo\u0111eni korisnik, mora se\u00a0prijaviti u registar tro\u0161arinskih obveznika i podnijeti zahtjev za izdavanje<br \/>\nodobrenja za oslobo\u0111enog korisnika, carinskom uredu nadle\u017enom prema\u00a0sjedi\u0161tu, odnosno prebivali\u0161tu podnositelja zahtjeva. \u010clankom 103. Pravilnika o tro\u0161arinama propisano pod kojim uvjetima\u00a0opskrbljiva\u010d mo\u017ee isporu\u010divati i obra\u010dunavati prirodni plin oslobo\u0111enom korisniku bez obra\u010dunate tro\u0161arine (uz naznaku na ra\u010dunu broja i datuma odobrenja).<\/p>\n<p style=\"text-align: left;\">Dakle u koliko ste korisnik prirodnog plina koji ispunjava uvjete za oslobo\u0111enje od pla\u0107anja tro\u0161arine potrebno je da nam najkasnije do 20.07.2013. godine dostavite presliku odobrenja za oslobo\u0111enog korisnika izdanu od mjerodavnog carinskog ureda. Podatke odnosno dokaze iz ove obavijesti mo\u017eete nam uru\u010diti ili poslati na adresu:<\/p>\n<p style=\"text-align: center;\"><strong>PLIN KONJ\u0160\u010cINA d.o.o., 49282 Konj\u0161\u010dina, Jertovec 150.<\/strong><\/p>\n<p><a href=\"http:\/\/www.klijent.mart.hr\/plinnew\/wp-content\/uploads\/2018\/09\/Obavijest-o-tro\u0161arinama.pdf\">Obavijest o tro\u0161arinama<\/a><\/p>\n","protected":false},"excerpt":{"rendered":"<p>Temeljem Zakona o tro\u0161arinama (NN 22\/13 i 32\/13) kao i Pravilnika o tro\u0161arinama (NN 64\/13) energent prirodni plin je uvr\u0161ten u proizvode na koje se od 01.07.2013. godine obra\u010dunava i napla\u0107uje tro\u0161arina. Prirodni plin prema \u010dlanak 83. stavak 2. to\u010dka&hellip; <a href=\"https:\/\/www.plin-konjscina.hr\/?page_id=302\" class=\"more-link\">Continue Reading <span class=\"meta-nav\">&rarr;<\/span><\/a><\/p>\n","protected":false},"author":1,"featured_media":0,"parent":124,"menu_order":0,"comment_status":"closed","ping_status":"closed","template":"","meta":{"footnotes":""},"class_list":["post-302","page","type-page","status-publish","hentry"],"_links":{"self":[{"href":"https:\/\/www.plin-konjscina.hr\/index.php?rest_route=\/wp\/v2\/pages\/302","targetHints":{"allow":["GET"]}}],"collection":[{"href":"https:\/\/www.plin-konjscina.hr\/index.php?rest_route=\/wp\/v2\/pages"}],"about":[{"href":"https:\/\/www.plin-konjscina.hr\/index.php?rest_route=\/wp\/v2\/types\/page"}],"author":[{"embeddable":true,"href":"https:\/\/www.plin-konjscina.hr\/index.php?rest_route=\/wp\/v2\/users\/1"}],"replies":[{"embeddable":true,"href":"https:\/\/www.plin-konjscina.hr\/index.php?rest_route=%2Fwp%2Fv2%2Fcomments&post=302"}],"version-history":[{"count":6,"href":"https:\/\/www.plin-konjscina.hr\/index.php?rest_route=\/wp\/v2\/pages\/302\/revisions"}],"predecessor-version":[{"id":310,"href":"https:\/\/www.plin-konjscina.hr\/index.php?rest_route=\/wp\/v2\/pages\/302\/revisions\/310"}],"up":[{"embeddable":true,"href":"https:\/\/www.plin-konjscina.hr\/index.php?rest_route=\/wp\/v2\/pages\/124"}],"wp:attachment":[{"href":"https:\/\/www.plin-konjscina.hr\/index.php?rest_route=%2Fwp%2Fv2%2Fmedia&parent=302"}],"curies":[{"name":"wp","href":"https:\/\/api.w.org\/{rel}","templated":true}]}}