{"id":17,"date":"2018-08-21T21:24:40","date_gmt":"2018-08-21T21:24:40","guid":{"rendered":"http:\/\/www.klijent.mart.hr\/plinnew\/?page_id=17"},"modified":"2021-09-28T16:57:03","modified_gmt":"2021-09-28T16:57:03","slug":"povijest","status":"publish","type":"page","link":"https:\/\/www.plin-konjscina.hr\/?page_id=17","title":{"rendered":"Op\u0107i podaci"},"content":{"rendered":"<table class=\"contentpaneopen\">\n<tbody>\n<tr>\n<td colspan=\"2\" valign=\"top\">\n<p align=\"justify\"><strong>MBS<br \/>\n<\/strong>080681869<\/p>\n<p style=\"text-align: left;\" align=\"justify\"><strong>OIB<\/strong><\/p>\n<p style=\"text-align: left;\" align=\"justify\">92671926569<\/p>\n<p align=\"justify\"><strong>Registarski sud<\/strong><br \/>\nTrgova\u010dki sud u Zagrebu pod brojem Tt-08\/15785-2<br \/>\n<strong>Tvrtka<\/strong><br \/>\nPLIN KONJ\u0160\u010cINA d.o.o<br \/>\n<strong>Skra\u0107ena tvrtka<br \/>\n<\/strong>PLIN KONJ\u0160\u010cINA d.o.o<br \/>\n<strong>Sjedi\u0161te<\/strong><br \/>\nBISTRI\u010cKA CESTA 1, 49282 Konj\u0161\u010dina<br \/>\n<strong>Pravni oblik<br \/>\n<\/strong>dru\u0161tvo s ograni\u010denom odgovorno\u0161\u0107u<\/p>\n<p align=\"justify\"><strong>Temeljni kapital<\/strong>\u00a0od 43.228.600,00 kuna upla\u0107en u cijelosti<\/p>\n<p align=\"justify\"><strong>IBAN<\/strong> HR6023400091110365521 Privredna banka Zagreb d.d.,<\/p>\n<p align=\"justify\">\u00a0\u00a0\u00a0\u00a0\u00a0\u00a0\u00a0\u00a0\u00a0\u00a0\u00a0\u00a0\u00a0\u00a0\u00a0\u00a0\u00a0\u00a0\u00a0\u00a0\u00a0\u00a0\u00a0\u00a0\u00a0\u00a0\u00a0\u00a0\u00a0\u00a0\u00a0\u00a0\u00a0\u00a0\u00a0\u00a0\u00a0\u00a0\u00a0\u00a0\u00a0\u00a0\u00a0\u00a0\u00a0\u00a0\u00a0\u00a0\u00a0\u00a0\u00a0 Podru\u017enica Krapina, Magistratska 3<\/p>\n<\/td>\n<\/tr>\n<\/tbody>\n<\/table>\n<p align=\"justify\"><span class=\"article_seperator\">\u00a0<\/span><\/p>\n","protected":false},"excerpt":{"rendered":"<p>MBS 080681869 OIB 92671926569 Registarski sud Trgova\u010dki sud u Zagrebu pod brojem Tt-08\/15785-2 Tvrtka PLIN KONJ\u0160\u010cINA d.o.o Skra\u0107ena tvrtka PLIN KONJ\u0160\u010cINA d.o.o Sjedi\u0161te BISTRI\u010cKA CESTA 1, 49282 Konj\u0161\u010dina Pravni oblik dru\u0161tvo s ograni\u010denom odgovorno\u0161\u0107u Temeljni kapital\u00a0od 43.228.600,00 kuna upla\u0107en u&hellip; <a href=\"https:\/\/www.plin-konjscina.hr\/?page_id=17\" class=\"more-link\">Continue Reading <span class=\"meta-nav\">&rarr;<\/span><\/a><\/p>\n","protected":false},"author":1,"featured_media":212,"parent":14,"menu_order":0,"comment_status":"closed","ping_status":"closed","template":"","meta":{"footnotes":""},"class_list":["post-17","page","type-page","status-publish","has-post-thumbnail","hentry"],"_links":{"self":[{"href":"https:\/\/www.plin-konjscina.hr\/index.php?rest_route=\/wp\/v2\/pages\/17","targetHints":{"allow":["GET"]}}],"collection":[{"href":"https:\/\/www.plin-konjscina.hr\/index.php?rest_route=\/wp\/v2\/pages"}],"about":[{"href":"https:\/\/www.plin-konjscina.hr\/index.php?rest_route=\/wp\/v2\/types\/page"}],"author":[{"embeddable":true,"href":"https:\/\/www.plin-konjscina.hr\/index.php?rest_route=\/wp\/v2\/users\/1"}],"replies":[{"embeddable":true,"href":"https:\/\/www.plin-konjscina.hr\/index.php?rest_route=%2Fwp%2Fv2%2Fcomments&post=17"}],"version-history":[{"count":6,"href":"https:\/\/www.plin-konjscina.hr\/index.php?rest_route=\/wp\/v2\/pages\/17\/revisions"}],"predecessor-version":[{"id":854,"href":"https:\/\/www.plin-konjscina.hr\/index.php?rest_route=\/wp\/v2\/pages\/17\/revisions\/854"}],"up":[{"embeddable":true,"href":"https:\/\/www.plin-konjscina.hr\/index.php?rest_route=\/wp\/v2\/pages\/14"}],"wp:featuredmedia":[{"embeddable":true,"href":"https:\/\/www.plin-konjscina.hr\/index.php?rest_route=\/wp\/v2\/media\/212"}],"wp:attachment":[{"href":"https:\/\/www.plin-konjscina.hr\/index.php?rest_route=%2Fwp%2Fv2%2Fmedia&parent=17"}],"curies":[{"name":"wp","href":"https:\/\/api.w.org\/{rel}","templated":true}]}}